3 is divided by 1148.
1139
Calculate the remainder when 30543 is divided by 40.
23
What is the remainder when 32062 is divided by 11?
8
Calculate the remainder when 156448 is divided by 2.
0
Calculate the remainder when 5604 is divided by 5469.
135
What is the remainder when 7633 is divided by 3765?
103
Calculate the remainder when 13848 is divided by 1621.
880
What is the remainder when 11054 is divided by 4525?
2004
What is the remainder when 38574 is divided by 167?
164
Calculate the remainder when 85233 is divided by 85160.
73
What is the remainder when 9699 is divided by 59?
23
Calculate the remainder when 200 is divided by 101.
99
What is the remainder when 1475 is divided by 694?
87
Calculate the remainder when 1721 is divided by 396.
137
Calculate the remainder when 434861 is divided by 137.
23
What is the remainder when 1430732 is divided by 48?
44
Calculate the remainder when 731120 is divided by 146221.
15
What is the remainder when 142217 is divided by 52?
49
Calculate the remainder when 1070 is divided by 103.
40
Calculate the remainder when 1549074 is divided by 4.
2
What is the remainder when 20399 is divided by 462?
71
What is the remainder when 11573 is divided by 37?
29
Calculate the remainder when 6724 is divided by 419.
20
Calculate the remainder when 38434 is divided by 193.
27
Calculate the remainder when 475 is divided by 118.
3
What is the remainder when 7253 is divided by 3605?
43
What is the remainder when 2860 is divided by 239?
231
What is the remainder when 36766 is divided by 51?
46
What is the remainder when 115599 is divided by 1484?
1331
Calculate the remainder when 86036 is divided by 935.
16
Calculate the remainder when 4894 is divided by 676.
162
Calculate the remainder when 147412 is divided by 158.
156
What is the remainder when 1219369 is divided by 14?
11
Calculate the remainder when 807 is divided by 220.
147
What is the remainder when 169015 is divided by 37?
36
Calculate the remainder when 3543 is divided by 1172.
27
What is the remainder when 4150 is divided by 120?
70
What is the remainder when 4104 is divided by 1705?
694
Calculate the remainder when 10157 is divided by 112.
77
What is the remainder when 68602 is divided by 512?
506
What is the remainder when 11237509 is divided by 47?
44
What is the remainder when 27 is divided by 3?
0
Calculate the remainder when 16144 is divided by 1558.
564
Calculate the remainder when 328833 is divided by 328830.
3
What is the remainder when 5998 is divided by 25?
23
Calculate the remainder when 293219 is divided by 54.
53
What is the remainder when 843 is divided by 38?
7
What is the remainder when 28820 is divided by 104?
12
Calculate the remainder when 24882 is divided by 6206.
58
What is the remainder when 55807 is divided by 7971?
10
Calculate the remainder when 782861 is divided by 60.
41
Calculate the remainder when 180392 is divided by 45078.
80
Calculate the remainder when 102826 is divided by 12.
10
What is the remainder when 10644 is divided by 1709?
390
Calculate the remainder when 166104 is divided by 436.
424
What is the remainder when 30967 is divided by 122?
101
What is the remainder when 932 is divided by 49?
1
What is the remainder when 1341819 is divided by 230?
229
What is the remainder when 42117 is divided by 221?
127
Calculate the remainder when 1738 is divided by 25.
13
What is the remainder when 33439 is divided by 16?
15
What is the remainder when 1074 is divided by 76?
10
Calculate the remainder when 216984 is divided by 13.
1
What is the remainder when 2520 is divided by 418?
12
What is the remainder when 17023 is divided by 88?
39
What is the remainder when 46594 is divided by 2588?
10
Calculate the remainder when 11875 is divided by 45.
40
What is the remainder when 9238 is divided by 9?
4
Calculate the remainder when 25302 is divided by 1112.
838
Calculate the remainder when 5319 is divided by 502.
299
What is the remainder when 31242 is divided by 15?
12
What is the remainder when 3048 is divided by 1000?
48
Calculate the remainder when 12258 is divided by 100.
58
What is the remainder when 3181 is divided by 1243?
695
What is the remainder when 15556 is divided by 7772?
12
What is the remainder when 33798 is divided by 463?
462
What is the remainder when 255917 is divided by 10236?
17
Calculate the remainder when 933 is divided by 308.
9
What is the remainder when 13146 is divided by 2139?
312
What is the remainder when 1398 is divided by 37?
29
Calculate the remainder when 3754 is divided by 3712.
42
Calculate the remainder when 7908 is divided by 1592.
1540
What is the remainder when 54405 is divided by 18129?
18
What is the remainder when 37925 is divided by 301?
300
Calculate the remainder when 751 is divided by 393.
358
What is the remainder when 14501 is divided by 156?
149
Calculate the remainder when 70378 is divided by 2815.
3
Calculate the remainder when 2722 is divided by 272.
2
Calculate the remainder when 83061 is divided by 41524.
13
Calculate the remainder when 337309 is divided by 454.
441
What is the remainder when 103118 is divided by 889?
883
Calculate the remainder when 1706 is divided by 427.
425
What is the remainder when 30411 is divided by 707?
10
What is the remainder when 2823 is divided by 471?
468
Calculate the remainder when 1911762 is divided by 637252.
6
What is the remainder when 72709 is divided by 89?
85
What is the remainder when 2992 is divided by 2991?
1
What is the remainder when 91724 is divided by 78?
74
Calculate the remainder when 2536 is divided by 45.
16
Calculate the remainder when 16503 is divided by 1651.
1644
What is the remainder when 59321 is divided by 29638?
45
What is the remainder when 76672 is divided by 19168?
0
What is the remainder when 23372 is divided by 163?
63
Calculate the remainder when 2741 is divided by 495.
266
What is the remainder when 9857 is divided by 124?
61
What is the remainder when 162631 is divided by 27104?
7
What is the remainder when 1926 is divided by 594?
144
What is the remainder when 206496 is divided by 926?
924
What is the remainder when 3996 is divided by 809?
760
Calculate the remainder when 19427 is divided by 379.
98
What is the remainder when 1355 is divided by 689?
666
Calculate the remainder when 38164 is divided by 250.
164
Calculate the remainder when 12008 is divided by 3995.
23
Calculate the remainder when 835 is divided by 826.
9
What is the remainder when 24490 is divided by 93?
31
What is the remainder when 16446 is divided by 36?
30
What is the remainder when 179482 is divided by 777?
772
What is the remainder when 21106 is divided by 449?
3
What is the remainder when 2156 is divided by 36?
32
What is the remainder when 95341 is divided by 13?
12
Calculate the remainder when 6250 is divided by 3116.
18
What is the remainder when 130434 is divided by 9?
6
Calculate the remainder when 4787 is divided by 4785.
2
Calculate the remainder when 2588178 is divided by 380.
378
What is the remainder when 287010 is divided by 208?
178
Calculate the remainder when 28016 is divided by 4.
0
What is the remainder when 63973 is divided by 295?
253
Calculate the remainder when 58856 is divided by 109.
105
What is the remainder when 1991 is divided by 24?
23
What is the remainder when 4737 is divided by 2366?
5
What is the remainder when 26002 is divided by 8621?
139
Calculate the remainder when 77974 is divided by 553.
1
Calculate the remainder when 16351 is divided by 221.
218
Calculate the remainder when 9894 is divided by 330.
324
What is the remainder when 3979 is divided by 249?
244
What is the remainder when 4384 is divided by 258?
256
What is the remainder when 733560 is divided by 32?
24
Calculate the remainder when 2464 is divided by 14.
0
What is the remainder when 97741 is divided by 22?
17
Calculate the remainder when 2019 is divided by 92.
87
What is the remainder when 11156 is divided by 72?
68
Calculate the remainder when 71037 is divided by 71001.
36
What is the remainder when 9417 is divided by 214?
1
Calculate the remainder when 91856 is divided by 147.
128
What is the remainder when 63571 is divided by 724?
583
Calculate the remainder when 29484 is divided by 500.
484
Calculate the remainder when 21457 is divided by 1983.